3202
In base 14, what is 4 + -a97dd?
-a97d9
In base 5, what is 20131 - -24044?
44230
In base 9, what is 5 - -533641?
533646
In base 10, what is -395598 - 1?
-395599
In base 4, what is -13202 + -131?
-13333
In base 4, what is 1230121 + -322?
1223133
In base 4, what is -1 - 1001110?
-1001111
In base 10, what is -90634 + 79?
-90555
In base 11, what is -81 + -31110?
-31191
In base 4, what is -2 - 13302013?
-13302021
In base 16, what is -3f4 + -5f?
-453
In base 6, what is -21 - -1152?
1131
In base 3, what is -22010220201201 + 0?
-22010220201201
In base 15, what is 65e9 - -1?
65ea
In base 6, what is 5041531 - -1?
5041532
In base 7, what is -2 + -105041?
-105043
In base 9, what is 87 - -876?
1074
In base 9, what is 4 + 654513?
654517
In base 14, what is 70 - -8b2?
942
In base 3, what is -212212112 + -112?
-212220001
In base 11, what is 1158 + 19?
1176
In base 5, what is -332341 + 0?
-332341
In base 12, what is -9 - -135188?
13517b
In base 3, what is 112 + -11022202?
-11022020
In base 5, what is -3322310 + -10?
-3322320
In base 7, what is -4264 + 105?
-4156
In base 12, what is -4343 - 6?
-4349
In base 10, what is -3 + -467184?
-467187
In base 8, what is 0 - 506407?
-506407
In base 2, what is 1011111110 + -101?
1011111001
In base 16, what is 9 + 3fa4?
3fad
In base 6, what is 3 + 43322351?
43322354
In base 11, what is -17 - -1961?
1945
In base 5, what is 22 - -330330?
330402
In base 10, what is 12822 - 4?
12818
In base 3, what is -21 - -1101212001?
1101211210
In base 6, what is -1 - -42402222?
42402221
In base 5, what is 143 - 400?
-202
In base 3, what is -2022110112 - -22?
-2022110020
In base 5, what is 130 + -113220?
-113040
In base 9, what is -28 + -4326?
-4355
In base 14, what is 3 - 65c78?
-65c75
In base 14, what is 7a - -8bc5?
8c61
In base 10, what is -36374 + -151?
-36525
In base 15, what is -3 - 319d7?
-319da
In base 14, what is ba - dc?
-22
In base 9, what is 0 + 62265?
62265
In base 15, what is 2c9d - -22?
2cc0
In base 13, what is 1c466 + 2?
1c468
In base 13, what is 2c406 - 11?
2c3c5
In base 10, what is -81417 - -7?
-81410
In base 11, what is 11924 + -1a?
11905
In base 10, what is 849 + -32?
817
In base 9, what is -760 + 445?
-314
In base 9, what is -1 - -16244?
16243
In base 4, what is 301122 - 30?
301032
In base 13, what is 968101 - -5?
968106
In base 2, what is -11010111100101101 + 1?
-11010111100101100
In base 4, what is 1323123 - 2?
1323121
In base 9, what is 11 + 1056?
1067
In base 9, what is -4 + -7738?
-7743
In base 15, what is -91e - 573?
-e92
In base 5, what is 44101 - -12?
44113
In base 14, what is 0 + -16027?
-16027
In base 10, what is 73 + -7299?
-7226
In base 8, what is -7014 + -5?
-7021
In base 16, what is -569 - -11?
-558
In base 15, what is c97 - 896?
401
In base 9, what is 0 + 4457?
4457
In base 3, what is 1200 + 2212?
11112
In base 3, what is -2 - 2111121?
-2111200
In base 15, what is -390 - -130?
-260
In base 13, what is -4 - -a1c6a?
a1c66
In base 9, what is 656 - -4762?
5528
In base 8, what is -323 - -21202?
20657
In base 4, what is 2 - -31323033?
31323101
In base 5, what is 202334334 - -4?
202334343
In base 2, what is -101111100000100000 + 11?
-101111100000011101
In base 10, what is -9873577 - -4?
-9873573
In base 16, what is b60c + -b?
b601
In base 9, what is 1 - 341646?
-341645
In base 6, what is 52244 + 3?
52251
In base 2, what is -10010 - -11000100100000001?
11000100011101111
In base 8, what is 234 + 1030?
1264
In base 13, what is -ab391 - 5?
-ab396
In base 10, what is -68865 - -3?
-68862
In base 4, what is 102320232 + 0?
102320232
In base 6, what is -301 + -523?
-1224
In base 10, what is 1292 + -18?
1274
In base 10, what is 2 + -1239?
-1237
In base 11, what is 8460 + 0?
8460
In base 13, what is 451549 + -1?
451548
In base 4, what is 3 + -22333300?
-22333231
In base 13, what is -2 - 11a0b?
-11a10
In base 6, what is -3 + -312435?
-312442
In base 7, what is -1 - 1224364?
-1224365
In base 11, what is -28 - 3a41?
-3a69
In base 11, what is 137 - -46?
182
In base 16, what is 5 - -40f24?
40f29
In base 6, what is 204250 + 5?
204255
In base 15, what is 0 + 3c7a?
3c7a
In base 5, what is -134131 + 221?
-133410
In base 10, what is 2433 + 1221?
3654
In base 14, what is -181 - -201?
60
In base 5, what is -1024212 + -21?
-1024233
In base 8, what is 144703 - 6?
144675
In base 3, what is -102111 - 210?
-110021
In base 6, what is 43 - 100201?
-100114
In base 9, what is 1 + -2460?
-2458
In base 2, what is 10110111000011 + -10100000?
10110100100011
In base 11, what is 11 + -4648?
-4637
In base 13, what is 139a - -19?
13b6
In base 5, what is 4331404 + -2?
4331402
In base 10, what is -93 - -319?
226
In base 14, what is -4 + 26a483?
26a47d
In base 2, what is 1001001 - 11010?
101111
In base 15, what is 10c817 - -2?
10c819
In base 13, what is -a2780 + 3?
-a277a
In base 13, what is -8 + 78483?
78478
In base 11, what is -2 + 112145?
112143
In base 16, what is -7 - -195ad?
195a6
In base 5, what is 2444 + -2210?
234
In base 6, what is -14 + 232205?
232151
In base 8, what is 46 + -6752?
-6704
In base 14, what is -3a - aaa6?
-ab02
In base 11, what is 34800 + -1?
347aa
In base 8, what is 4 + 1361?
1365
In base 4, what is -312 - -13110313?
13110001
In base 16, what is -6 + -e9c9?
-e9cf
In base 16, what is 3 + 47bb8?
47bbb
In base 10, what is 169 - -229?
398
In base 2, what is 101001111110101001111100 - -101?
101001111110101010000001
In base 9, what is -28472 + 4?
-28467
In base 7, what is -1402 - -162?
-1210
In base 4, what is 100332321 - -2?
100332323
In base 15, what is -57d - 49?
-5c7
In base 4, what is 3 - 22210020?
-22210011
In base 10, what is 105277 + -2?
105275
In base 3, what is -122102222 - -10011?
-122022211
In base 5, what is -10223 - 103?
-10331
In base 13, what is 3118 - 19?
30cc
In base 16, what is 5 + -15ff05?
-15ff00
In base 7, what is 5031 + -66?
4632
In base 6, what is 123044 - -42?
123130
In base 10, what is 813 + -265?
548
In base 7, what is 51 + 2634?
3015
In base 5, what is 4 + -42130242?
-42130233
In base 13, what is 2ac - -829?
b08
In base 15, what is 3 + -166c?
-1669
In base 6, what is 214121 + 10?
214131
In base 3, what is -220020 + -120021?
-1110111
In base 12, what is 8 + 9aa7?
9ab3
In base 13, what is -19a + -2c?
-1c9
In base 16, what is d8 + -51?
87
In base 15, what is 0 + b0d3?
b0d3
In base 2, what is -10100010001100000 - 10?
-10100010001100010
In base 14, what is -8c4 - 13?
-8d7
In base 16, what is 18f76 + 29?
18f9f
In base 10, what is -30297 - 0?
-30297
In base 6, what is 0 + 222410?
222410
In base 15, what is 2 - -268c0?
268c2
In base 16, what is -18d59 + -4?
-18d5d
In base 6, what is 21 + -5400515?
-5400454
In base 7, what is 13103 + -201?
12602
In base 3, what is 101 - 102200210?
-102200102
In base 3, what is 21 - 111202011?
-111201220
In base 11, what is 6 + -511576?
-511570
In base 2, what is -100001 + -100001000101100?
-100001001001101
In base 2, what is 101 - 10000001010?
-10000000101
In base 2, what is -1010000 + -100010111?
-101100111
In base 6, what is 12322 - 10?
12312
In base 13, what is -7 - -7770?
7766
In base 13, what is -5c69a3 - -2?
-5c69a1
In base 4, what is 11 + -1133123323?
-1133123312
In base 15, what is -20d - -114?
-e9
In base 4, what is -1233 - -111010?
103111
In base 8, what is 15 - -2052177?
2052214
In base 3, what is 10 + 102121?
102201
In base 9, what is 107 - -140?
247
In base 16, what is -abd3 - 8?
-abdb
In base 5, what is -4 + 10424341?
10424332
In base 3, what is -1020212 - -2022?
-1011120
In base 5, what is 202224032 - -2?
202224034
In base 14, what is 76 + -196?
-120
In base 8, what is -123576 + -11?
-123607
In base 3, what is -112200 - 111110?
-1001010
In base 6, what is -3 + 1113311?
1113304
In base 6, what is 541 + -1125?
-144
In base 11, what is -224 - 3739?
-3962
In base 14, what is -a - -4194?
4188
In base 10, what is 97 + 127?
224
In base 10, what is 0 + 2461?
2461
In base 13, what is -27 - -69?
42
In base 6, what is -503 - -423?
-40
In base 12, what is 2543b + 5?
25444
In base 5, what is -1432130 + 4?
-1432121
In base 10, what is -193694 - -3?
-193691
In base 11, what is 87 - 87a?
-7a3
In base 15, what is -14c + 5d?
-de
In base 5, what is -4302120 + -3?
-4302123
In base 8, what is -1646405 - -1?
-1646404
In base 10, what is -21154 + 5?
-21149
In base 5, what is -211431 